85
Let a(w) = 12*w - 128. Calculate a(7).
-44
Let v(p) = 8*p - 4. Give v(-3).
-28
Let m(o) = -20*o + 43. Give m(0).
43
Let i(w) = -91*w**2 + 2636*w + 97. What is i(29)?
10
Let m(t) = 212*t + 2754. Calculate m(-13).
-2
Let x(i) = -i**3 + 33*i**2 - 20*i - 1293. What is x(31)?
9
Let j(l) = -12908*l + 116179. Determine j(9).
7
Let v(i) = -101*i**3 - 4*i**2 - 71*i + 74. Give v(1).
-102
Let j(m) = m**3 - 18*m**2 - 10*m + 58. Determine j(18).
-122
Let k(z) = 3*z**2 - 72*z + 1. What is k(24)?
1
Let r(s) = s**2 - 32*s + 58. Give r(2).
-2
Let l(k) = -k**2 + 50*k - 66. Calculate l(16).
478
Let h(q) = -219*q + 91. What is h(2)?
-347
Let a(x) = -2*x**2 - 14*x - 10. Determine a(-4).
14
Let x(w) = -18*w - 64. What is x(-9)?
98
Let q(j) = -j**2 + 38*j - 284. Determine q(10).
-4
Let b(h) = 2*h**2 - 50*h - 250. Give b(31).
122
Let s(g) = -9*g + 1. Give s(-1).
10
Let b(p) = -4*p - 241. Calculate b(-33).
-109
Let f(a) = 10*a - 142. What is f(13)?
-12
Let n(h) = h**2 + 64*h + 510. What is n(-53)?
-73
Let s(w) = 4*w**2 - 94*w + 52. Determine s(23).
6
Let z(a) = -21*a + 30. What is z(21)?
-411
Let r(w) = -w**2 - 69*w - 454. Give r(-63).
-76
Let z(u) = 337*u**2 + 11*u + 6. Calculate z(-1).
332
Let i(h) = -2*h**2 - 14*h - 70. Give i(-8).
-86
Let t(o) = -5*o + 261. Give t(-70).
611
Let x(h) = -130*h + 158. What is x(1)?
28
Let l(d) = -810*d + 302128. Give l(373).
-2
Let x(y) = y - 300. What is x(-40)?
-340
Let f(u) = 79*u + 1350. Give f(-17).
7
Let r(d) = -323*d + 2267. Calculate r(7).
6
Let h(z) = -z**3 - 24*z**2 + 157*z + 110. Give h(-29).
-238
Let u(j) = 4*j**2 + 13*j - 23. Give u(-7).
82
Let d(o) = 23*o**2 - 19*o. What is d(-3)?
264
Let d(q) = -2*q**3 - 162*q**2 + 170*q + 497. Give d(-82).
5
Let b(z) = z**3 - 8*z**2 - 42*z + 591. Give b(10).
371
Let v(m) = 8*m**2 + 52*m + 14. Determine v(-7).
42
Let z(q) = 141*q**2 + 4086*q - 66. What is z(-29)?
21
Let f(z) = -54*z + 54. Give f(-1).
108
Let g(z) = z**3 - 70*z**2 + 382*z + 115. Determine g(64).
-13
Let h(c) = c**3 - 16*c**2 - 28*c - 144. Calculate h(18).
0
Let v(m) = -m**3 + 62*m**2 + 180*m + 942. Determine v(65).
-33
Let i(s) = 2*s**3 + 73*s**2 + 254*s - 5. Calculate i(-4).
19
Let n(h) = -h**3 + 28*h**2 - 51*h + 672. Give n(27).
24
Let f(t) = -t**2 + 97*t + 597. Give f(-6).
-21
Let k(q) = -12*q - 18. Determine k(-2).
6
Let c(k) = 257*k + 12081. Determine c(-47).
2
Let k(s) = 224*s + 1578. Calculate k(-7).
10
Let g(l) = 9*l**3 + 2*l. Give g(-1).
-11
Let x(d) = -161*d - 851. Calculate x(-5).
-46
Let x(q) = 2*q**2 - 109*q + 1159. Calculate x(13).
80
Let n(k) = -k**3 - 31*k**2 - 47*k - 69. Calculate n(-29).
-388
Let a(f) = f**3 + 27*f**2 - 27*f + 63. What is a(-28)?
35
Let n(t) = -2*t**2 + 56*t - 338. Give n(11).
36
Let t(h) = 3*h**3 + 94*h**2 - 65*h + 71. Calculate t(-32).
103
Let d(a) = 10*a - 177. Determine d(17).
-7
Let c(l) = 89*l**3 + 4*l**2 - 4*l. Give c(1).
89
Let n(m) = 210*m - 2944. Determine n(14).
-4
Let v(o) = 59*o**2 - 766*o - 16. What is v(13)?
-3
Let m(o) = o**3 + 44*o**2 - 306*o - 305. Calculate m(-50).
-5
Let s(q) = q**3 - 71*q**2 - 71*q + 47. Give s(72).
119
Let y(o) = -42*o + 610. What is y(14)?
22
Let n(x) = 80*x + 2969. Calculate n(-37).
9
Let q(k) = k**3 - 70*k**2 - 453*k - 212. Give q(76).
16
Let p(v) = -2*v**3 + 163*v**2 - 86*v + 408. Determine p(81).
3
Let k(r) = -r**3 + 42*r**2 - 119*r + 74. Calculate k(39).
-4
Let b(h) = 264*h - 5023. What is b(19)?
-7
Let l(i) = -6*i**2 + 55*i + 45. Determine l(10).
-5
Let q(r) = -24*r - 132. What is q(-9)?
84
Let w(p) = -p**3 + 17*p**2 - 6*p - 8. Determine w(17).
-110
Let f(n) = n**3 - 13*n**2 - 6*n + 357. Give f(14).
469
Let z(k) = -k**3 + 18*k**2 + 13*k + 82. What is z(19)?
-32
Let z(n) = -n**2 + 10*n + 151. Calculate z(19).
-20
Let r(m) = -570*m - 6843. Give r(-12).
-3
Let c(h) = h**3 - 7*h**2 - 30*h - 3. Give c(-3).
-3
Let p(k) = 77*k + 912. What is p(-10)?
142
Let o(h) = -6*h**3 + 17*h**2 + 791*h + 27. What is o(13)?
1
Let d(z) = 593*z + 2959. Determine d(-5).
-6
Let k(v) = -v**3 - 14*v**2 - 29*v - 15. What is k(-5)?
-95
Let f(z) = 2*z**3 - 3*z**2 + 23*z - 10. Give f(4).
162
Let d(p) = 37*p + 718. Give d(-17).
89
Let h(n) = 148*n - 4550. Determine h(31).
38
Let h(m) = -m**2 - 50*m - 298. Give h(-36).
206
Let o(r) = -3*r**3 + 22*r**2 + 11*r + 21. Calculate o(8).
-19
Let b(v) = -9*v**2 + 13*v + 131. Calculate b(5).
-29
Let q(f) = f**3 + 22*f**2 + 50*f + 631. Determine q(-21).
22
Let n(t) = -8*t**3 + 13*t**2 + 146*t - 161. What is n(1)?
-10
Let g(o) = o**3 + 24*o**2 - 63*o - 258. What is g(-26)?
28
Let v(i) = -i**3 - 3*i**2 + 35*i + 15. Give v(5).
-10
Let f(k) = 28*k + 2147. Calculate f(-77).
-9
Let k(i) = i**2 - 127*i - 50478. Give k(-170).
12
Let v(n) = -33*n + 2488. Determine v(76).
-20
Let q(c) = c**2 - 19*c - 37. Determine q(16).
-85
Let w(a) = -a**3 - 9*a**2 - 9*a. Determine w(-9).
81
Let d(x) = -23*x + 499. Calculate d(34).
-283
Let i(b) = -2*b**3 - 77*b**2 - 36*b + 27. What is i(-38)?
-49
Let c(o) = 2*o**3 - 7*o**2 - 5*o + 40. Give c(4).
36
Let z(d) = -26*d - 1027. Give z(-10).
-767
Let b(u) = 7*u**2 + 61*u - 170. Calculate b(-11).
6
Let y(b) = b**3 - 3*b**2 - 82*b - 157. Calculate y(-2).
-13
Let v(t) = 139*t - 1665. Determine v(12).
3
Let r(x) = -x**2 - 5*x + 44. Determine r(-12).
-40
Let v(m) = -4*m**2 + 31*m - 49. What is v(4)?
11
Let c(t) = 58*t + 9927. Give c(-171).
9
Let t(c) = c**3 - 34*c**2 + 394*c - 1922. Determine t(18).
-14
Let i(k) = -2677*k + 139201. Calculate i(52).
-3
Let r(u) = 25041*u + 100175. Calculate r(-4).
11
Let b(g) = g**3 + 15*g**2 + 17*g + 79. What is b(-14)?
37
Let g(v) = -32*v - 650. What is g(-20)?
-10
Let s(g) = -29*g**3 + 71*g + 71. Determine s(-1).
29
Let c(y) = -30*y**2 - 13*y - 13. Give c(-1).
-30
Let p(d) = 464*d + 50. Calculate p(-1).
-414
Let u(w) = 6*w - 72. Determine u(12).
0
Let s(w) = w**3 - 4*w**2 + 20*w + 63. Give s(-6).
-417
Let u(w) = -2340*w + 58496. What is u(25)?
-4
Let c(m) = 11*m**2 - 31*m + 64. Determine c(2).
46
Let q(i) = -2*i**3 + 8*i + 7. What is q(5)?
-203
Let y(p) = -111*p - 79. Calculate y(-1).
32
Let j(q) = -5*q**2 - 100*q + 609. What is j(5)?
-16
Let u(s) = s**3 + 29*s**2 - 59*s - 1708. Determine u(-29).
3
Let u(w) = 31*w + 534. Determine u(-16).
38
Let m(q) = 10*q**2 - 112*q + 5. Calculate m(11).
-17
Let w(s) = -7*s**3 + 235*s**2 - 926*s - 59. What is w(29)?
-1
Let d(a) = -a**3 + 18*a**2 + 32*a - 230. Give d(19).
17
Let d(j) = 212*j + 11212. What is d(-53)?
-24
Let r(g) = -g**2 - 86*g - 1869. What is r(-46)?
-29
Let w(q) = 3*q**3 - 2*q**2 - 24*q + 50. Calculate w(2).
18
Let x(n) = -7*n**2 - 41*n - 75. Determine x(-3).
-15
Let c(s) = 4*s + 289. Calculate c(-14).
233
Let u(y) = -y**3 - 7*y**2 - 3*y + 12. Give u(-7).
33
Let h(k) = -24*k**2 + 251*k - 20. Determine h(10).
90
Let c(v) = v**3 + 60*v**2 + 812*v - 890. Calculate c(-23).
7
Let h(m) = m**3 + 30*m**2 - 28*m - 3. What is h(-31)?
-96
Let y(n) = n**2 - 35*n + 253. What is y(10)?
3
Let l(s) = s**2 - 14*s - 331. Give l(-13).
20
Let t(f) = f**3 + 25*f**2 + 54*f + 58. Determine t(-23).
-126
Let q(r) = 11*r - 576. Give q(0).
-576
Let m(n) = n**3 - 17*n**2 - 108*n - 26. Determine m(22).
18
Let f(j) = -5*j**2 - 84*j - 352. Give f(-8).
0
Let w(f) = 1317*f - 15795. Determine w(12).
9
Let j(x) = -2*x**3 - 13*x**2 - 12*x - 34. What is j(-6)?
2
Let o(m) = -22*m + 23. Determine o(1).
1
Let r(k) = -12*k - 46. Give r(-3).
-10
Let q(h) = h**3 + 98*h**2 + 1563*h + 220. What is q(-78)?
-14
Let y(z) = -z**2 + 56*z + 169. What is y(59)?
-8
Let o(u) = 81*u + 6011. Calculate o(-74).
17
Let o(v) = 3*v**2 - 44*v + 243. Give o(17).
362
Let d(r) = 43*r**3 + 3*r**2 + 2*r - 5. Calculate d(2).
355
Let v(n) = 2*n**2 + 32*n - 35. What is v(-15)?
-65
Let o(n) = -n**3 + 9*n**2 - 15*n + 56. Determine o(9).
-79
Let o(v) = -v**3 - 18*v**2 + 23*v + 56. Give o(-19).
-20
Let t(f) = f**3 + 99*f**2 - 44*f + 5615. Give t(-100).
15
Let x(n) = -2*n**2 + 86*n - 695. What is x(10)?
-35
Let s(p) = -p**2 + 47*p + 449. Calculate s(55).
9
Let h(j) = 15*j**3 - 2*j**2 + 14*j - 28. Calculate h(2).
112
Let r(n) = 9*n**3 + 13*n**2 - 13*n - 23. Calculate r(-1).
-6
Let z(d) = d**2 - 15671*d - 235292. What is z(-15)?
-2
Let o(b) = b**3 + 5*b**2 + b - 6. Determine o(-6).
-48
Let k(h) = -h**2 - 27*h - 124. What is k(-11)?
52
Let h(r) = r**2 - 11*r - 103. What is h(-6)?
-1
Let v(l) = 31*l 